{"id":1183,"date":"2020-01-23T11:10:24","date_gmt":"2020-01-23T08:10:24","guid":{"rendered":"https:\/\/ulusehiryangindanismanlik.com\/v5\/?page_id=1183"},"modified":"2020-01-24T10:21:27","modified_gmt":"2020-01-24T07:21:27","slug":"otomatik-sondurme-sistemi","status":"publish","type":"page","link":"https:\/\/ulusehiryangindanismanlik.com\/v5\/otomatik-sondurme-sistemi\/","title":{"rendered":"Otomatik S\u00f6nd\u00fcrme Sistemi"},"content":{"rendered":"<p style=\"text-align: center;\"><strong>Otomatik S\u00f6nd\u00fcrme Sistemi<\/strong><\/p>\n<p><strong>OTOMAT\u0130K YANGIN S\u00d6ND\u00dcRME S\u0130STEMLER\u0130<\/strong><\/p>\n<p>\u00dccretsiz ke\u015fif yap\u0131larak Profesyonel tecr\u00fcbeli ekibimiz ile T\u00fcrkiye Binalar\u0131n Yang\u0131ndan Korunmas\u0131 Hakk\u0131nda Y\u00f6netmeli\u011fe g\u00f6re ihtiya\u00e7 duyulan bina ve yap\u0131larda, otomatik yang\u0131n s\u00f6nd\u00fcrme&nbsp; sistemlerinin anahtar teslim kurulum hizmetini vermekteyiz.<\/p>\n<p>Ayr\u0131ca transformat\u00f6rlere, mutfak davlumbazlar\u0131na,vb gibi yerlere otomatik yang\u0131n s\u00f6nd\u00fcrme&nbsp; sistemlerinin anahtar teslim kurulum hizmetini vermekteyiz.<\/p>\n<p><a href=\"http:\/\/ulusehiryangindanismanlik.com\/v5\/iletisim\/\">Daha detayl\u0131 bilgi almak i\u00e7in l\u00fctfen bizimle irtibata ge\u00e7iniz.<\/a><\/p>\n","protected":false},"excerpt":{"rendered":"<p>Otomatik S\u00f6nd\u00fcrme Sistemi OTOMAT\u0130K YANGIN S\u00d6ND\u00dcRME S\u0130STEMLER\u0130 \u00dccretsiz ke\u015fif yap\u0131larak Profesyonel tecr\u00fcbeli ekibimiz ile T\u00fcrkiye Binalar\u0131n Yang\u0131ndan Korunmas\u0131 Hakk\u0131nda Y\u00f6netmeli\u011fe g\u00f6re ihtiya\u00e7 duyulan bina ve yap\u0131larda,<span class=\"excerpt-hellip\"> [\u2026]<\/span><\/p>\n","protected":false},"author":1,"featured_media":0,"parent":0,"menu_order":0,"comment_status":"closed","ping_status":"closed","template":"","meta":{"footnotes":""},"_links":{"self":[{"href":"https:\/\/ulusehiryangindanismanlik.com\/v5\/wp-json\/wp\/v2\/pages\/1183"}],"collection":[{"href":"https:\/\/ulusehiryangindanismanlik.com\/v5\/wp-json\/wp\/v2\/pages"}],"about":[{"href":"https:\/\/ulusehiryangindanismanlik.com\/v5\/wp-json\/wp\/v2\/types\/page"}],"author":[{"embeddable":true,"href":"https:\/\/ulusehiryangindanismanlik.com\/v5\/wp-json\/wp\/v2\/users\/1"}],"replies":[{"embeddable":true,"href":"https:\/\/ulusehiryangindanismanlik.com\/v5\/wp-json\/wp\/v2\/comments?post=1183"}],"version-history":[{"count":2,"href":"https:\/\/ulusehiryangindanismanlik.com\/v5\/wp-json\/wp\/v2\/pages\/1183\/revisions"}],"predecessor-version":[{"id":1223,"href":"https:\/\/ulusehiryangindanismanlik.com\/v5\/wp-json\/wp\/v2\/pages\/1183\/revisions\/1223"}],"wp:attachment":[{"href":"https:\/\/ulusehiryangindanismanlik.com\/v5\/wp-json\/wp\/v2\/media?parent=1183"}],"curies":[{"name":"wp","href":"https:\/\/api.w.org\/{rel}","templated":true}]}}