{"id":315,"date":"2017-01-06T14:50:59","date_gmt":"2017-01-06T12:50:59","guid":{"rendered":"http:\/\/ulusehiryangindanismanlik.com\/v5\/?page_id=315"},"modified":"2019-12-16T14:07:16","modified_gmt":"2019-12-16T11:07:16","slug":"projelendirme","status":"publish","type":"page","link":"https:\/\/ulusehiryangindanismanlik.com\/v5\/projelendirme\/","title":{"rendered":"Projelendirme"},"content":{"rendered":"<p style=\"text-align: center;\"><strong>Projelendirme<\/strong><\/p>\n<p>M\u00fc\u015fterilerimizin bina ve yap\u0131lar\u0131n\u0131n Yang\u0131n Dan\u0131\u015fman\u0131m\u0131z(Emekli \u0130tfaiye Daire Ba\u015fkan\u0131) Orhan Do\u011fan\u2019\u0131n \u00f6nderli\u011finde \u00a0Konular\u0131nda uzman Mimar, Makine M\u00fchendisi, Elektronik M\u00fchendisi, Elektrik M\u00fchendisi kadromuzla ulusal ve uluslararas\u0131 standartlarda hesap ve tasar\u0131m yaz\u0131l\u0131mlar\u0131 deste\u011fiyle Binalar\u0131n Yang\u0131ndan Korunma\u00a0 Y\u00f6netmeli\u011fine ve uluslararas\u0131 yang\u0131n standartlar\u0131na uygun olarak mimari projeleri, Mimari R\u00f6l\u00f6ve Projeleri, Yang\u0131n Tahliye projeleri, Yang\u0131n Tesisat Projeleri, Seslendirme Tesisat Projeleri, Yang\u0131n Alg\u0131lama \u0130hbar Projeleri, Vaziyet Planlar\u0131 haz\u0131rlan\u0131r.<\/p>\n<p><a href=\"http:\/\/ulusehiryangindanismanlik.com\/v5\/iletisim\/\">Daha detayl\u0131 bilgi almak i\u00e7in l\u00fctfen bizimle irtibata ge\u00e7iniz.<\/a><\/p>\n","protected":false},"excerpt":{"rendered":"<p>Projelendirme M\u00fc\u015fterilerimizin bina ve yap\u0131lar\u0131n\u0131n Yang\u0131n Dan\u0131\u015fman\u0131m\u0131z(Emekli \u0130tfaiye Daire Ba\u015fkan\u0131) Orhan Do\u011fan\u2019\u0131n \u00f6nderli\u011finde \u00a0Konular\u0131nda uzman Mimar, Makine M\u00fchendisi, Elektronik M\u00fchendisi, Elektrik M\u00fchendisi kadromuzla ulusal ve uluslararas\u0131<span class=\"excerpt-hellip\"> [\u2026]<\/span><\/p>\n","protected":false},"author":1,"featured_media":0,"parent":0,"menu_order":0,"comment_status":"closed","ping_status":"closed","template":"","meta":{"footnotes":""},"_links":{"self":[{"href":"https:\/\/ulusehiryangindanismanlik.com\/v5\/wp-json\/wp\/v2\/pages\/315"}],"collection":[{"href":"https:\/\/ulusehiryangindanismanlik.com\/v5\/wp-json\/wp\/v2\/pages"}],"about":[{"href":"https:\/\/ulusehiryangindanismanlik.com\/v5\/wp-json\/wp\/v2\/types\/page"}],"author":[{"embeddable":true,"href":"https:\/\/ulusehiryangindanismanlik.com\/v5\/wp-json\/wp\/v2\/users\/1"}],"replies":[{"embeddable":true,"href":"https:\/\/ulusehiryangindanismanlik.com\/v5\/wp-json\/wp\/v2\/comments?post=315"}],"version-history":[{"count":8,"href":"https:\/\/ulusehiryangindanismanlik.com\/v5\/wp-json\/wp\/v2\/pages\/315\/revisions"}],"predecessor-version":[{"id":1160,"href":"https:\/\/ulusehiryangindanismanlik.com\/v5\/wp-json\/wp\/v2\/pages\/315\/revisions\/1160"}],"wp:attachment":[{"href":"https:\/\/ulusehiryangindanismanlik.com\/v5\/wp-json\/wp\/v2\/media?parent=315"}],"curies":[{"name":"wp","href":"https:\/\/api.w.org\/{rel}","templated":true}]}}