{"id":323,"date":"2017-01-06T15:02:29","date_gmt":"2017-01-06T13:02:29","guid":{"rendered":"http:\/\/ulusehiryangindanismanlik.com\/v5\/?page_id=323"},"modified":"2019-12-16T14:15:36","modified_gmt":"2019-12-16T11:15:36","slug":"acil-durum-yangin-tatbikat-ve-semineri","status":"publish","type":"page","link":"https:\/\/ulusehiryangindanismanlik.com\/v5\/acil-durum-yangin-tatbikat-ve-semineri\/","title":{"rendered":"Acil Durum Tatbikat\u0131"},"content":{"rendered":"<p style=\"text-align: center;\"><strong>Acil Durum \/ Yang\u0131n Tatbikat ve Semineri<\/strong><\/p>\n<p><strong>AC\u0130L DURUM TATB\u0130KATI<\/strong><\/p>\n<p>\u0130\u015fyerlerinde acil durumlar hakk\u0131nda y\u00f6netmelik; (1)Haz\u0131rlanan acil durum\u00a0\u00a0plan\u0131n\u0131n uygulama ad\u0131mlar\u0131n\u0131n\u00a0\u00a0d\u00fczenli olarak takip edilebilmesi ve uygulanabilirli\u011finden emin olmak i\u00e7in i\u015fyerlerinde y\u0131lda en az bir defa olmak\u00a0\u00fczere tatbikat yap\u0131l\u0131r, denetlenir ve g\u00f6zden ge\u00e7irilerek gerekli d\u00fczeltici ve\u00a0\u00f6nleyici faaliyetler yap\u0131l\u0131r. Ger\u00e7ekle\u015ftirilen tatbikat\u0131n tarihi, g\u00f6r\u00fclen eksiklikler ve bu eksiklikler do\u011frultusunda yap\u0131lacak d\u00fczenlemeleri i\u00e7eren tatbikat raporu haz\u0131rlan\u0131r.<\/p>\n<p>(2) Ger\u00e7ekle\u015ftirilen tatbikat neticesinde varsa aksayan y\u00f6nler ve kazan\u0131lan deneyimlere g\u00f6re acil durum planlar\u0131\u00a0g\u00f6zden ge\u00e7irilerek gerekli d\u00fczeltmeler yap\u0131l\u0131r.\u201d<\/p>\n<p>(3) Birden fazla i\u015fyerinin bulundu\u011fu i\u015f\u00a0merkezleri, i\u015f\u00a0hanlar\u0131ndaki i\u015fyerlerinde tatbikatlar y\u00f6netimin koordinasyonu ile y\u00fcr\u00fct\u00fcl\u00fcr.\u201ddenilmektedir<\/p>\n<p><strong>YANGIN S\u00d6ND\u00dcRME VE TAHL\u0130YE TATB\u0130KATI<\/strong><\/p>\n<p>Binalar\u0131n \u00a0yang\u0131ndan korunmas\u0131 hakk\u0131nda y\u00f6netmelik: \u201cAcil durum ekiplerinin personeli; bina sahibi, y\u00f6neticisi veya amirinin sorumlulu\u011funda yang\u0131ndan korunma, yang\u0131n\u0131n s\u00f6nd\u00fcr\u00fclmesi, can ve mal kurtarma, ilk yard\u0131m faaliyetleri, itfaiye ile i\u015fbirli\u011fi ve organizasyon sa\u011flanmas\u0131 konular\u0131nda, mahalli itfaiye ve sivil savunma te\u015fkilatlar\u0131ndan yararlan\u0131larak e\u011fitilir ve yap\u0131lan tatbikatlar ile bilgi ve becerileri art\u0131r\u0131l\u0131r. Ekip personeli ile binadaki di\u011fer g\u00f6revliler, yang\u0131n s\u00f6nd\u00fcrme alet ve malzemelerinin nas\u0131l kullan\u0131laca\u011f\u0131 ve en k\u0131sa zamanda itfaiyeye nas\u0131l ula\u015f\u0131laca\u011f\u0131 konular\u0131nda tatbik\u00ee e\u011fitimden ge\u00e7irilir. Binada senede en az 1 kez\u00a0 yang\u0131n s\u00f6nd\u00fcrme ve tahliye tatbikat\u0131 yap\u0131l\u0131r.\u201ddenilmektedir<\/p>\n<p>Yang\u0131n Dan\u0131\u015fman\u0131 &amp; E\u011fitimci (Emekli \u0130tfaiye Daire Ba\u015fkan\u0131) Orhan DO\u011eAN \u00a0\u00f6nderli\u011finde\u00a0\u00a0 bina ve yap\u0131lardan \u00a0\u00a0gelen talepler do\u011frultusunda \u00a0uzman e\u011fitimciler taraf\u0131ndan \u00a0acil durum tatbikatlar\u0131 \u00a0ve yang\u0131n s\u00f6nd\u00fcrme ve tahliye tatbikatlar\u0131 d\u00fczenlenmektedir.<\/p>\n<p>Yang\u0131n Dan\u0131\u015fman\u0131 &amp; E\u011fitimci (Emekli \u0130tfaiye Daire Ba\u015fkan\u0131) Orhan DO\u011eAN ve uzman e\u011fitimciler taraf\u0131ndan d\u00fczenlenen \u00a0tatbikatta anlat\u0131lmaktad\u0131r.<\/p>\n<p><strong>AC\u0130L DURUM&amp;YANGIN SEM\u0130NER\u0130<\/strong><\/p>\n<p><strong>Seminerin amac\u0131:<\/strong>\u00a0talep edilen bina veya yap\u0131larda\u00a0 olas\u0131 meydana gelecek afet \u00a0yang\u0131na \u00f6ncesi, an\u0131 ve sonras\u0131 yap\u0131lmas\u0131 gereken\u00a0 do\u011fru ve bilimsel verilere dayal\u0131 bilgiler detayl\u0131 olarak \u00a0 uzman e\u011fitimciler taraf\u0131ndan d\u00fczenlenen\u00a0 seminerde anlat\u0131lmaktad\u0131r.<\/p>\n<p><a href=\"http:\/\/ulusehiryangindanismanlik.com\/v5\/iletisim\/\">Daha detayl\u0131 bilgi almak i\u00e7in l\u00fctfen bizimle irtibata ge\u00e7iniz.<\/a><\/p>\n","protected":false},"excerpt":{"rendered":"<p>Acil Durum \/ Yang\u0131n Tatbikat ve Semineri AC\u0130L DURUM TATB\u0130KATI \u0130\u015fyerlerinde acil durumlar hakk\u0131nda y\u00f6netmelik; (1)Haz\u0131rlanan acil durum\u00a0\u00a0plan\u0131n\u0131n uygulama ad\u0131mlar\u0131n\u0131n\u00a0\u00a0d\u00fczenli olarak takip edilebilmesi ve uygulanabilirli\u011finden emin<span class=\"excerpt-hellip\"> [\u2026]<\/span><\/p>\n","protected":false},"author":1,"featured_media":0,"parent":0,"menu_order":0,"comment_status":"closed","ping_status":"closed","template":"","meta":{"footnotes":""},"_links":{"self":[{"href":"https:\/\/ulusehiryangindanismanlik.com\/v5\/wp-json\/wp\/v2\/pages\/323"}],"collection":[{"href":"https:\/\/ulusehiryangindanismanlik.com\/v5\/wp-json\/wp\/v2\/pages"}],"about":[{"href":"https:\/\/ulusehiryangindanismanlik.com\/v5\/wp-json\/wp\/v2\/types\/page"}],"author":[{"embeddable":true,"href":"https:\/\/ulusehiryangindanismanlik.com\/v5\/wp-json\/wp\/v2\/users\/1"}],"replies":[{"embeddable":true,"href":"https:\/\/ulusehiryangindanismanlik.com\/v5\/wp-json\/wp\/v2\/comments?post=323"}],"version-history":[{"count":7,"href":"https:\/\/ulusehiryangindanismanlik.com\/v5\/wp-json\/wp\/v2\/pages\/323\/revisions"}],"predecessor-version":[{"id":1163,"href":"https:\/\/ulusehiryangindanismanlik.com\/v5\/wp-json\/wp\/v2\/pages\/323\/revisions\/1163"}],"wp:attachment":[{"href":"https:\/\/ulusehiryangindanismanlik.com\/v5\/wp-json\/wp\/v2\/media?parent=323"}],"curies":[{"name":"wp","href":"https:\/\/api.w.org\/{rel}","templated":true}]}}